{"id":7,"date":"2022-05-27T14:45:03","date_gmt":"2022-05-27T12:45:03","guid":{"rendered":"http:\/\/arkamedical.pl\/?page_id=7"},"modified":"2022-06-18T10:37:43","modified_gmt":"2022-06-18T08:37:43","slug":"about","status":"publish","type":"page","link":"https:\/\/arkamedical.pl\/index.php\/about\/","title":{"rendered":"Apartamenty"},"content":{"rendered":"\n<h1 class=\"has-medium-font-size wp-block-heading\" id=\"inspiro-is-a-digital-product-agency-that-focuses-on-strategy-and-design\" style=\"font-style:normal;font-weight:100\">Oferujemy Pa\u0144stwu dwa komfortowe apartamenty mieszcz\u0105ce si\u0119 w luksusowym i nowoczesnym obiekcie ARKA MEDICAL SPA**** przy ul. Su\u0142kowskiego 11A w Ko\u0142obrzegu na skraju Parku Natura 2000. Oba apartamenty posiadaj\u0105 w pe\u0142ni wyposa\u017cone aneksy kuchenne. Apartamenty s\u0105 max. dla 3 os\u00f3b.<\/h1>\n\n\n\n<div style=\"height:100px\" aria-hidden=\"true\" class=\"wp-block-spacer\"><\/div>\n\n\n\n<div class=\"wp-block-columns alignwide is-layout-flex wp-container-core-columns-is-layout-28f84493 wp-block-columns-is-layout-flex\">\n<div class=\"wp-block-column is-layout-flow wp-block-column-is-layout-flow\">\n<figure class=\"wp-block-gallery has-nested-images columns-default is-cropped wp-block-gallery-1 is-layout-flex wp-block-gallery-is-layout-flex\">\n<figure class=\"wp-block-image size-large\"><a href=\"http:\/\/arkamedical.pl\/wp-content\/uploads\/2022\/06\/Arka4-2-scaled.jpg\"><img loading=\"lazy\" decoding=\"async\" width=\"768\" height=\"1024\" data-id=\"103\" src=\"http:\/\/arkamedical.pl\/wp-content\/uploads\/2022\/06\/Arka4-2-768x1024.jpg\" alt=\"\" class=\"wp-image-103\" srcset=\"https:\/\/arkamedical.pl\/wp-content\/uploads\/2022\/06\/Arka4-2-768x1024.jpg 768w, https:\/\/arkamedical.pl\/wp-content\/uploads\/2022\/06\/Arka4-2-225x300.jpg 225w, https:\/\/arkamedical.pl\/wp-content\/uploads\/2022\/06\/Arka4-2-1152x1536.jpg 1152w, https:\/\/arkamedical.pl\/wp-content\/uploads\/2022\/06\/Arka4-2-1536x2048.jpg 1536w, https:\/\/arkamedical.pl\/wp-content\/uploads\/2022\/06\/Arka4-2-2000x2667.jpg 2000w, https:\/\/arkamedical.pl\/wp-content\/uploads\/2022\/06\/Arka4-2-scaled.jpg 1920w\" sizes=\"auto, (max-width: 768px) 100vw, 768px\" \/><\/a><\/figure>\n<\/figure>\n\n\n\n<p class=\"has-black-color has-text-color has-medium-font-size\"><\/p>\n<\/div>\n\n\n\n<div class=\"wp-block-column is-layout-flow wp-block-column-is-layout-flow\">\n<figure class=\"wp-block-image size-large\"><img loading=\"lazy\" decoding=\"async\" width=\"768\" height=\"1024\" src=\"http:\/\/arkamedical.pl\/wp-content\/uploads\/2022\/06\/Arka9-768x1024.jpg\" alt=\"\" class=\"wp-image-97\" srcset=\"https:\/\/arkamedical.pl\/wp-content\/uploads\/2022\/06\/Arka9-768x1024.jpg 768w, https:\/\/arkamedical.pl\/wp-content\/uploads\/2022\/06\/Arka9-225x300.jpg 225w, https:\/\/arkamedical.pl\/wp-content\/uploads\/2022\/06\/Arka9-1152x1536.jpg 1152w, https:\/\/arkamedical.pl\/wp-content\/uploads\/2022\/06\/Arka9-1536x2048.jpg 1536w, https:\/\/arkamedical.pl\/wp-content\/uploads\/2022\/06\/Arka9-2000x2667.jpg 2000w, https:\/\/arkamedical.pl\/wp-content\/uploads\/2022\/06\/Arka9-scaled.jpg 1920w\" sizes=\"auto, (max-width: 768px) 100vw, 768px\" \/><\/figure>\n\n\n\n<p class=\"has-black-color has-text-color has-medium-font-size\"><\/p>\n\n\n\n<p class=\"has-text-color\" style=\"color:#7a7a7a\"><\/p>\n<\/div>\n\n\n\n<div class=\"wp-block-column is-layout-flow wp-block-column-is-layout-flow\">\n<figure class=\"wp-block-image size-large\"><img loading=\"lazy\" decoding=\"async\" width=\"768\" height=\"1024\" src=\"http:\/\/arkamedical.pl\/wp-content\/uploads\/2022\/06\/Arka5-768x1024.jpg\" alt=\"\" class=\"wp-image-93\" srcset=\"https:\/\/arkamedical.pl\/wp-content\/uploads\/2022\/06\/Arka5-768x1024.jpg 768w, https:\/\/arkamedical.pl\/wp-content\/uploads\/2022\/06\/Arka5-225x300.jpg 225w, https:\/\/arkamedical.pl\/wp-content\/uploads\/2022\/06\/Arka5-1152x1536.jpg 1152w, https:\/\/arkamedical.pl\/wp-content\/uploads\/2022\/06\/Arka5-1536x2048.jpg 1536w, https:\/\/arkamedical.pl\/wp-content\/uploads\/2022\/06\/Arka5-2000x2667.jpg 2000w, https:\/\/arkamedical.pl\/wp-content\/uploads\/2022\/06\/Arka5-scaled.jpg 1920w\" sizes=\"auto, (max-width: 768px) 100vw, 768px\" \/><\/figure>\n\n\n\n<p class=\"has-black-color has-text-color has-medium-font-size\"><\/p>\n<\/div>\n<\/div>\n\n\n\n<div style=\"height:100px\" aria-hidden=\"true\" class=\"wp-block-spacer\"><\/div>\n","protected":false},"excerpt":{"rendered":"<p>Oferujemy Pa\u0144stwu dwa komfortowe apartamenty mieszcz\u0105ce si\u0119 w luksusowym i nowoczesnym obiekcie ARKA MEDICAL SPA**** przy ul. Su\u0142kowskiego 11A w Ko\u0142obrzegu na skraju Parku Natura 2000. Oba apartamenty posiadaj\u0105 w pe\u0142ni wyposa\u017cone aneksy kuchenne. Apartamenty s\u0105 max. dla 3 os\u00f3b.<\/p>\n","protected":false},"author":1,"featured_media":21,"parent":0,"menu_order":0,"comment_status":"closed","ping_status":"closed","template":"","meta":{"inspiro_hide_title":false,"footnotes":""},"class_list":["post-7","page","type-page","status-publish","has-post-thumbnail","hentry"],"_links":{"self":[{"href":"https:\/\/arkamedical.pl\/index.php\/wp-json\/wp\/v2\/pages\/7","targetHints":{"allow":["GET"]}}],"collection":[{"href":"https:\/\/arkamedical.pl\/index.php\/wp-json\/wp\/v2\/pages"}],"about":[{"href":"https:\/\/arkamedical.pl\/index.php\/wp-json\/wp\/v2\/types\/page"}],"author":[{"embeddable":true,"href":"https:\/\/arkamedical.pl\/index.php\/wp-json\/wp\/v2\/users\/1"}],"replies":[{"embeddable":true,"href":"https:\/\/arkamedical.pl\/index.php\/wp-json\/wp\/v2\/comments?post=7"}],"version-history":[{"count":5,"href":"https:\/\/arkamedical.pl\/index.php\/wp-json\/wp\/v2\/pages\/7\/revisions"}],"predecessor-version":[{"id":118,"href":"https:\/\/arkamedical.pl\/index.php\/wp-json\/wp\/v2\/pages\/7\/revisions\/118"}],"wp:featuredmedia":[{"embeddable":true,"href":"https:\/\/arkamedical.pl\/index.php\/wp-json\/wp\/v2\/media\/21"}],"wp:attachment":[{"href":"https:\/\/arkamedical.pl\/index.php\/wp-json\/wp\/v2\/media?parent=7"}],"curies":[{"name":"wp","href":"https:\/\/api.w.org\/{rel}","templated":true}]}}